{"id":8,"date":"2019-12-13T08:17:54","date_gmt":"2019-12-13T08:17:54","guid":{"rendered":"http:\/\/localhost:8888\/KuhnAusbildung\/?page_id=8"},"modified":"2022-03-20T15:26:31","modified_gmt":"2022-03-20T14:26:31","slug":"biografie","status":"publish","type":"page","link":"https:\/\/kuhn-ausbildung.ch\/?page_id=8","title":{"rendered":"Biografie"},"content":{"rendered":"<p><div class=\"fusion-fullwidth fullwidth-box fusion-builder-row-1 fusion-flex-container fusion-parallax-none nonhundred-percent-fullwidth non-hundred-percent-height-scrolling\" style=\"--awb-background-position:right top;--awb-border-radius-top-left:0px;--awb-border-radius-top-right:0px;--awb-border-radius-bottom-right:0px;--awb-border-radius-bottom-left:0px;--awb-padding-top:30%;--awb-padding-right:29px;--awb-background-image:url(&quot;http:\/\/localhost:8888\/KuhnAusbildung\/wp-content\/uploads\/2022\/03\/DSC_5072100.png&quot;);--awb-background-size:cover;--awb-flex-wrap:wrap;\" data-preload-img=\"http:\/\/localhost:8888\/KuhnAusbildung\/wp-content\/uploads\/2022\/03\/DSC_5072100.png\" ><div class=\"fusion-builder-row fusion-row fusion-flex-align-items-flex-start fusion-flex-content-wrap\" style=\"max-width:calc( 1100px + 0px );margin-left: calc(-0px \/ 2 );margin-right: calc(-0px \/ 2 );\"><\/div><\/div><div class=\"fusion-fullwidth fullwidth-box fusion-builder-row-2 fusion-flex-container nonhundred-percent-fullwidth non-hundred-percent-height-scrolling\" style=\"--awb-border-radius-top-left:0px;--awb-border-radius-top-right:0px;--awb-border-radius-bottom-right:0px;--awb-border-radius-bottom-left:0px;--awb-padding-top:8%;--awb-padding-bottom:8%;--awb-background-color:var(--awb-color2);--awb-flex-wrap:wrap;\" ><div class=\"fusion-builder-row fusion-row fusion-flex-align-items-flex-start fusion-flex-content-wrap\" style=\"max-width:calc( 1100px + 0px );margin-left: calc(-0px \/ 2 );margin-right: calc(-0px \/ 2 );\"><div class=\"fusion-layout-column fusion_builder_column fusion-builder-column-0 fusion_builder_column_1_1 1_1 fusion-flex-column fusion-animated\" style=\"--awb-bg-size:cover;--awb-width-large:100%;--awb-margin-top-large:0px;--awb-spacing-right-large:0px;--awb-margin-bottom-large:0px;--awb-spacing-left-large:0px;--awb-width-medium:100%;--awb-spacing-right-medium:0px;--awb-spacing-left-medium:0px;--awb-width-small:100%;--awb-spacing-right-small:0px;--awb-spacing-left-small:0px;\" data-animationType=\"fadeInDown\" data-animationDuration=\"1.0\" data-animationOffset=\"top-into-view\"><div class=\"fusion-column-wrapper fusion-column-has-shadow fusion-flex-justify-content-flex-start fusion-content-layout-column\"><div class=\"fusion-title title fusion-title-1 fusion-sep-none fusion-title-center fusion-title-text fusion-title-size-two\"><h2 class=\"fusion-title-heading title-heading-center fusion-responsive-typography-calculated\" style=\"margin:0;--fontSize:60;line-height:1.5;\"><h1>\u00dcber mich<\/h1><\/h2><\/div><div class=\"fusion-text fusion-text-1\"><p class=\"bodytext\">Bereits als kleines M\u00e4dchen faszinierten mich Pferde. Um mehr \u00fcber diese edlen Tiere zu erfahren eignete ich mir Wissen aus B\u00fcchern und Videos an, besuchte Reitstunden, leistete Stallarbeit und bem\u00fchte mich darum, viele unterschiedliche Pferde zu reiten. \u00a0 Nach meiner Erstausbildung erm\u00f6glichte ich mir meine Leidenschaft beruflich auszu\u00fcben und begann die Zweitausbildung zur Bereiterin. Im Sommer 2012 schloss ich die Ausbildung zur eidg. dipl. Pferdefachfrau klassisches Reiten erfolgreich ab. Um mein K\u00f6nnen nach der Ausbildung zu festigen habe ich von 2012 bis 2014 im nationalen Pferdezentrum Bern (NPZ) als Bereiterin gearbeitet. Seither \u00fcbe ich eine selbst\u00e4ndige T\u00e4tigkeit im Pferdesport aus.<\/p>\n<p class=\"bodytext\">Bei meiner pers\u00f6nlichen Trainingsphilosophie durfte ich von vielen unterschiedlichen Pferden, Trainern und Reitsch\u00fclern lernen. Dank Ihnen habe ich meinen Trainingsstil gefunden, den ich st\u00e4ndig verbessere und weiterentwickle.<\/p>\n<p class=\"bodytext\">Der Weg ist das Ziel \u2013 Diese Haltung ist mir in der Aus- und Weiterbildung von Pferden und Reitern besonders wichtig. Ich begleite Reiter mit ihren Pferden gerne durch Ver\u00e4nderungs- und Verbesserungsprozesse. Der Kontakt mit Menschen und Pferden, sei es Freizeit- oder Turnierreiter, ist immer individuell, was es f\u00fcr mich stets spannend macht. Meine Kunden feiner reiten zu sehen oder ihre Pferde mit leichteren Hilfen reiten zu k\u00f6nnen, ist f\u00fcr mich die treibende Kraft und meine Motivation in der Aus- und Weiterbildung von Pferden und Reitern.<\/p>\n<\/div><\/div><\/div><\/div><\/div><\/p>\n","protected":false},"excerpt":{"rendered":"","protected":false},"author":1,"featured_media":0,"parent":0,"menu_order":0,"comment_status":"closed","ping_status":"closed","template":"100-width.php","meta":{"footnotes":""},"class_list":["post-8","page","type-page","status-publish","hentry"],"_links":{"self":[{"href":"https:\/\/kuhn-ausbildung.ch\/index.php?rest_route=\/wp\/v2\/pages\/8","targetHints":{"allow":["GET"]}}],"collection":[{"href":"https:\/\/kuhn-ausbildung.ch\/index.php?rest_route=\/wp\/v2\/pages"}],"about":[{"href":"https:\/\/kuhn-ausbildung.ch\/index.php?rest_route=\/wp\/v2\/types\/page"}],"author":[{"embeddable":true,"href":"https:\/\/kuhn-ausbildung.ch\/index.php?rest_route=\/wp\/v2\/users\/1"}],"replies":[{"embeddable":true,"href":"https:\/\/kuhn-ausbildung.ch\/index.php?rest_route=%2Fwp%2Fv2%2Fcomments&post=8"}],"version-history":[{"count":9,"href":"https:\/\/kuhn-ausbildung.ch\/index.php?rest_route=\/wp\/v2\/pages\/8\/revisions"}],"predecessor-version":[{"id":911,"href":"https:\/\/kuhn-ausbildung.ch\/index.php?rest_route=\/wp\/v2\/pages\/8\/revisions\/911"}],"wp:attachment":[{"href":"https:\/\/kuhn-ausbildung.ch\/index.php?rest_route=%2Fwp%2Fv2%2Fmedia&parent=8"}],"curies":[{"name":"wp","href":"https:\/\/api.w.org\/{rel}","templated":true}]}}